e 13, what is c1 - -3?
c4
In base 5, what is -204 + 23?
-131
In base 5, what is -2233 - -1?
-2232
In base 3, what is 0 - 10010?
-10010
In base 3, what is -1 - 111012?
-111020
In base 9, what is 61 - 2?
58
In base 12, what is 3 - -345b?
3462
In base 14, what is -4 + -6c?
-72
In base 13, what is -6c + -28?
-97
In base 12, what is -25 - 42?
-67
In base 7, what is 13 + 64?
110
In base 10, what is -2 - 62?
-64
In base 5, what is -201314 - 3?
-201322
In base 5, what is -3 - 42?
-100
In base 2, what is 101 + -1101011111?
-1101011010
In base 6, what is 4 + 410?
414
In base 11, what is 5 - -10a5?
10aa
In base 7, what is 4 + -116?
-112
In base 16, what is 6 + 143?
149
In base 8, what is 1273 - -4?
1277
In base 14, what is 3 - 840?
-83b
In base 15, what is -17 + 5?
-12
In base 16, what is 36 - 5a?
-24
In base 8, what is -36314 + 3?
-36311
In base 4, what is -3 + 1223120?
1223111
In base 14, what is -a - -93b?
931
In base 14, what is -387 - -1?
-386
In base 6, what is 1345 + 0?
1345
In base 9, what is 3 - -60?
63
In base 5, what is 3 + 3231?
3234
In base 3, what is 1200010 + -12?
1122221
In base 14, what is 5b + -4?
57
In base 13, what is -1 + -42?
-43
In base 6, what is 3212 + -1?
3211
In base 3, what is 1022 + 10001?
11100
In base 7, what is -613 + -14?
-630
In base 3, what is 100 - -222?
1022
In base 8, what is -1015 - 3?
-1020
In base 8, what is 2 - -7?
11
In base 5, what is 3 + 22?
30
In base 7, what is 34 - 4?
30
In base 16, what is -24fd - 3?
-2500
In base 7, what is -1000 - -4?
-663
In base 6, what is 3 - -5?
12
In base 9, what is 6 + 38?
45
In base 7, what is -4 - 560?
-564
In base 10, what is 517 + -3?
514
In base 13, what is 0 - -274?
274
In base 3, what is -1011102212 - 0?
-1011102212
In base 6, what is -204 + -4?
-212
In base 12, what is -5a + 4?
-56
In base 13, what is 1 + 20?
21
In base 2, what is 110010110 - 100?
110010010
In base 8, what is -23276 - -1?
-23275
In base 2, what is 101 + 1111?
10100
In base 6, what is -3 + 102?
55
In base 11, what is -5 - 2a?
-34
In base 4, what is 10 + -1211?
-1201
In base 12, what is 170 - -2?
172
In base 12, what is -4 - 176?
-17a
In base 16, what is -39 + -3?
-3c
In base 7, what is 4 - -10021?
10025
In base 2, what is 101 + 100011001?
100011110
In base 13, what is 4 - 32?
-2b
In base 13, what is -1 - 163?
-164
In base 12, what is -4 - 213?
-217
In base 11, what is 14 + 15a?
173
In base 12, what is -155 + 7?
-14a
In base 12, what is -5 + -222?
-227
In base 15, what is -9a - -2?
-98
In base 5, what is 301112 - 4?
301103
In base 4, what is -10330101 + -11?
-10330112
In base 3, what is -1020220 + 1?
-1020212
In base 9, what is 2 - 673?
-671
In base 12, what is 2010 + 3?
2013
In base 12, what is -56 - 4?
-5a
In base 15, what is -6 + 6b?
65
In base 11, what is 21 - 182?
-161
In base 8, what is -113 + 434?
321
In base 14, what is 4 - c6?
-c2
In base 6, what is 3221 - -15?
3240
In base 5, what is -4 - 44304?
-44313
In base 7, what is -5 - -32?
24
In base 3, what is 0 - -10201?
10201
In base 11, what is 43 + 38?
80
In base 12, what is 79 + -1?
78
In base 11, what is 36 + 186?
211
In base 11, what is -5 + 1979?
1974
In base 7, what is -1600 - 0?
-1600
In base 14, what is -5 - -42?
3b
In base 16, what is 1afb - -1?
1afc
In base 7, what is 2132 + -2?
2130
In base 7, what is 3 - 5615?
-5612
In base 4, what is -230 + -11?
-301
In base 11, what is -146 + 4?
-142
In base 3, what is -110210 + 12?
-110121
In base 9, what is -128 + 3?
-125
In base 6, what is 41204 - 4?
41200
In base 9, what is 0 + -152?
-152
In base 11, what is 2 + -397?
-395
In base 13, what is -11 + 14?
3
In base 14, what is 1 + 1416?
1417
In base 13, what is -b + 97?
89
In base 4, what is 11 - -231?
302
In base 11, what is -1120 - 0?
-1120
In base 16, what is -7 + -1e3?
-1ea
In base 9, what is 228 + -2?
226
In base 12, what is 17 - -a2?
b9
In base 3, what is -2 + -2221?
-10000
In base 7, what is -1141 + 13?
-1125
In base 2, what is 1 + 11010010?
11010011
In base 9, what is -15552 - -5?
-15546
In base 6, what is 14 - 21?
-3
In base 11, what is -11 - -5?
-7
In base 16, what is 1 + -173?
-172
In base 12, what is 8 + -3?
5
In base 16, what is 54 - -16?
6a
In base 5, what is 33 + 203?
241
In base 16, what is -1 + 2b?
2a
In base 2, what is -11101000001 + 1?
-11101000000
In base 12, what is 486 - 2?
484
In base 14, what is 2 + a?
c
In base 14, what is 83 - -14?
97
In base 7, what is 154 - -2?
156
In base 8, what is 5 + 0?
5
In base 8, what is 54 - 1?
53
In base 6, what is -244 - 5?
-253
In base 15, what is 274 + 2?
276
In base 15, what is -2bea - -5?
-2be5
In base 9, what is 1544 - 2?
1542
In base 7, what is -5 + -1065?
-1103
In base 14, what is -9 + -1?
-a
In base 5, what is 30 + -1?
24
In base 13, what is 11 - 663?
-652
In base 4, what is -2 - 2200?
-2202
In base 16, what is -d87 + -1?
-d88
In base 12, what is 62 + -b?
53
In base 8, what is 71 - 53?
16
In base 11, what is 5 + 7?
11
In base 6, what is 15 - -40?
55
In base 10, what is 5 + -21?
-16
In base 2, what is -110 + 10?
-100
In base 14, what is 1151 + 4?
1155
In base 12, what is 84b + -1?
84a
In base 5, what is -3200 - 20?
-3220
In base 4, what is 100 + -3?
31
In base 3, what is -11 + -101?
-112
In base 2, what is 11101100100 + -11?
11101100001
In base 11, what is 22 - -544?
566
In base 10, what is 5 + -16?
-11
In base 15, what is -5 - d5?
-da
In base 6, what is 5 + 10?
15
In base 5, what is 2014 + -3?
2011
In base 15, what is 4e9 + 6?
500
In base 15, what is 89 + 3?
8c
In base 15, what is bd - -5?
c3
In base 8, what is 414 + -3?
411
In base 16, what is a + -1b?
-11
In base 13, what is -5 - -80?
78
In base 14, what is -83 - -2b?
-56
In base 14, what is 177c - -4?
1782
In base 16, what is 104 + 3?
107
In base 14, what is 3 - 79d?
-79a
In base 16, what is d + 3d?
4a
In base 5, what is 3 - -220?
223
In base 10, what is -2 - -5110?
5108
In base 14, what is 2b - d?
1c
In base 6, what is 30 + -13?
13
In base 14, what is 20 + -1d?
1
In base 13, what is 5 - -2a?
32
In base 16, what is 4 + 108?
10c
In base 13, what is -1c - -b?
-11
In base 16, what is -a2 - 6?
-a8
In base 11, what is -259 - -1?
-258
In base 14, what is -6 - 72?
-78
In base 7, what is 0 - -1000?
1000
In base 2, what is -100 - -10111011?
10110111
In base 11, what is -a - -151?
142
In base 13, what is 22 - -6?
28
In base 4, what is 0 - 100333?
-100333
In base 2, what is -110 + 100111?
100001
In base 13, what is -1 + 46?
45
In base 9, what is 3 + 781?
784
In base 5, what is -212 + 12?
-200
In base 3, what is -11 - -1122011?
1122000
In base 2, what is -100000010101 - 11?
-100000011000
In base 16, what is -121 - -14?
-10d
In base 15, what is 18a + -14?
176
In base 16, what is -5 - -60?
5b
In base 9, what is 23 - -34?
57
In base 16, what is -85 - 7?
-8c
In base 13, what is -5 + -447?
-44c
In base 15, what is cd - 4?
c9
In base 4, what is 2233 - 3?
2230
In base 13, what is -5 + 21?
19
In base 6, what is 20340 - 1?
20335
In base 9, what is 1 - 217?
-216
In base 16, what is -4 - 3ad?
-3b1
In base 5, what is -3 - -21?
13
In base 9, what is 21 + 131?
152
In base 13, what is -3 + 252?
24c
In base 6, what is 11311 - 4?
11303
In base 16, what is -d1 + 3?
-ce
In base 12, what is 2 + -a7?
-a5
In base 10, what is -29 - 3?
-32
In base 4, what is -2 - -22330?
22322
In base 9, what is 5 - 21?
-15
In base 5, what is -1 + 2011?
2010
In base 7, what is -1130 + 2?
-1125
In base 8, what is -1 - 32?
-33
In base 4, what is -103 + -13?
-122
In base 4, what is -2030 - 20?
-2110
In base 5, what is -4 + -3402?
-3411
In base 11, what is 82 - 3?
7a
In base 12, what is -66 - -4?
-62
In base 4, what is 10 + -31202?
-31132
In base 10, what is 3 + 132?
135
In base 6, what is -1201 + -1?
-1202
In base 4, what is 0 - -312?
312
In base 2, what is -110110 + 10?
-110100
In base 5, what is -101231 - -4?
-101222
In base 6, what is -14034 + 2?
-14032
In base 16, what is -2 - 66?
-68
In base 6, what is -324 + -14?
-342
In base 16, what is 3129 - 4?
3125
In base 15, what is 75b + 0?
75b
In base 16, what is -5 - -1?
-4
In base 12, what is -1 - -63?
62
In base 4, what is -2323 - 3?
-2332
In base 5, what is 41 - -42?
133
In base 11, what is -15 - 57?
-71
In base 9, what is -5 - 70?
-75
In base 6, what is -1 - -100?
55
In base 7, what is 0 + 3224?
3224
In base 13, what is 5 - 224?
-21c
In ba